culate the remainder when 558 is divided by 10.
8
What is the remainder when 74 is divided by 4?
2
Calculate the remainder when 5535 is divided by 691.
7
Calculate the remainder when 24 is divided by 13.
11
What is the remainder when 1244 is divided by 5?
4
What is the remainder when 605 is divided by 85?
10
Calculate the remainder when 245 is divided by 127.
118
What is the remainder when 2887 is divided by 290?
277
What is the remainder when 851 is divided by 29?
10
What is the remainder when 182 is divided by 67?
48
What is the remainder when 350 is divided by 35?
0
What is the remainder when 1491 is divided by 14?
7
Calculate the remainder when 56 is divided by 33.
23
Calculate the remainder when 587 is divided by 49.
48
Calculate the remainder when 7662 is divided by 2550.
12
What is the remainder when 566 is divided by 19?
15
What is the remainder when 2346 is divided by 27?
24
Calculate the remainder when 377 is divided by 64.
57
Calculate the remainder when 1200 is divided by 367.
99
Calculate the remainder when 5884 is divided by 218.
216
What is the remainder when 683 is divided by 34?
3
Calculate the remainder when 1891 is divided by 44.
43
What is the remainder when 1615 is divided by 77?
75
Calculate the remainder when 988 is divided by 5.
3
Calculate the remainder when 1150 is divided by 128.
126
Calculate the remainder when 106 is divided by 59.
47
What is the remainder when 4737 is divided by 51?
45
What is the remainder when 929 is divided by 188?
177
Calculate the remainder when 571 is divided by 54.
31
Calculate the remainder when 2445 is divided by 47.
1
What is the remainder when 309 is divided by 39?
36
What is the remainder when 252 is divided by 86?
80
Calculate the remainder when 218 is divided by 45.
38
What is the remainder when 284 is divided by 58?
52
What is the remainder when 259 is divided by 24?
19
Calculate the remainder when 1011 is divided by 11.
10
What is the remainder when 521 is divided by 15?
11
What is the remainder when 339 is divided by 41?
11
Calculate the remainder when 78 is divided by 15.
3
Calculate the remainder when 658 is divided by 83.
77
Calculate the remainder when 1624 is divided by 181.
176
What is the remainder when 369 is divided by 25?
19
What is the remainder when 762 is divided by 45?
42
What is the remainder when 178 is divided by 30?
28
Calculate the remainder when 462 is divided by 116.
114
Calculate the remainder when 416 is divided by 47.
40
What is the remainder when 1471 is divided by 211?
205
What is the remainder when 1718 is divided by 36?
26
What is the remainder when 3768 is divided by 130?
128
What is the remainder when 2708 is divided by 301?
300
What is the remainder when 515 is divided by 251?
13
Calculate the remainder when 4005 is divided by 24.
21
What is the remainder when 6076 is divided by 1518?
4
Calculate the remainder when 225 is divided by 60.
45
Calculate the remainder when 59 is divided by 3.
2
Calculate the remainder when 259 is divided by 10.
9
Calculate the remainder when 523 is divided by 22.
17
Calculate the remainder when 6701 is divided by 100.
1
Calculate the remainder when 518 is divided by 250.
18
What is the remainder when 161 is divided by 81?
80
Calculate the remainder when 5314 is divided by 1771.
1
Calculate the remainder when 6236 is divided by 33.
32
Calculate the remainder when 1236 is divided by 21.
18
What is the remainder when 1205 is divided by 102?
83
Calculate the remainder when 909 is divided by 26.
25
What is the remainder when 5177 is divided by 2?
1
What is the remainder when 1479 is divided by 320?
199
What is the remainder when 297 is divided by 20?
17
What is the remainder when 317 is divided by 150?
17
Calculate the remainder when 1154 is divided by 2.
0
Calculate the remainder when 3680 is divided by 1830.
20
What is the remainder when 1983 is divided by 43?
5
What is the remainder when 180 is divided by 15?
0
What is the remainder when 466 is divided by 157?
152
What is the remainder when 135 is divided by 38?
21
Calculate the remainder when 318 is divided by 62.
8
Calculate the remainder when 327 is divided by 47.
45
What is the remainder when 19 is divided by 8?
3
Calculate the remainder when 1395 is divided by 53.
17
What is the remainder when 679 is divided by 114?
109
What is the remainder when 159 is divided by 44?
27
What is the remainder when 223 is divided by 57?
52
Calculate the remainder when 1380 is divided by 271.
25
Calculate the remainder when 701 is divided by 331.
39
What is the remainder when 188 is divided by 22?
12
Calculate the remainder when 52 is divided by 12.
4
What is the remainder when 46 is divided by 6?
4
Calculate the remainder when 530 is divided by 57.
17
What is the remainder when 374 is divided by 98?
80
What is the remainder when 664 is divided by 13?
1
What is the remainder when 426 is divided by 398?
28
Calculate the remainder when 4227 is divided by 21.
6
Calculate the remainder when 1362 is divided by 104.
10
What is the remainder when 259 is divided by 38?
31
What is the remainder when 685 is divided by 15?
10
Calculate the remainder when 3106 is divided by 173.
165
What is the remainder when 347 is divided by 13?
9
What is the remainder when 23 is divided by 13?
10
Calculate the remainder when 1635 is divided by 346.
251
What is the remainder when 254 is divided by 16?
14
Calculate the remainder when 246 is divided by 21.
15
Calculate the remainder when 187 is divided by 54.
25
What is the remainder when 3742 is divided by 47?
29
What is the remainder when 1728 is divided by 428?
16
Calculate the remainder when 11932 is divided by 3.
1
What is the remainder when 117 is divided by 12?
9
What is the remainder when 127 is divided by 121?
6
Calculate the remainder when 13769 is divided by 270.
269
Calculate the remainder when 105 is divided by 57.
48
What is the remainder when 41 is divided by 5?
1
Calculate the remainder when 928 is divided by 309.
1
Calculate the remainder when 123 is divided by 47.
29
Calculate the remainder when 1480 is divided by 57.
55
Calculate the remainder when 146 is divided by 54.
38
Calculate the remainder when 147 is divided by 33.
15
Calculate the remainder when 82 is divided by 45.
37
What is the remainder when 68 is divided by 6?
2
What is the remainder when 413 is divided by 4?
1
Calculate the remainder when 192 is divided by 20.
12
What is the remainder when 2649 is divided by 5?
4
Calculate the remainder when 618 is divided by 118.
28
Calculate the remainder when 196 is divided by 8.
4
Calculate the remainder when 3598 is divided by 75.
73
Calculate the remainder when 232 is divided by 20.
12
What is the remainder when 974 is divided by 25?
24
What is the remainder when 133 is divided by 9?
7
What is the remainder when 41 is divided by 11?
8
Calculate the remainder when 299 is divided by 220.
79
Calculate the remainder when 819 is divided by 207.
198
What is the remainder when 4640 is divided by 22?
20
Calculate the remainder when 606 is divided by 17.
11
What is the remainder when 399 is divided by 67?
64
Calculate the remainder when 152 is divided by 3.
2
What is the remainder when 1373 is divided by 86?
83
Calculate the remainder when 5506 is divided by 394.
384
What is the remainder when 824 is divided by 122?
92
What is the remainder when 548 is divided by 46?
42
Calculate the remainder when 89 is divided by 44.
1
Calculate the remainder when 143 is divided by 7.
3
Calculate the remainder when 5892 is divided by 83.
82
What is the remainder when 2181 is divided by 13?
10
Calculate the remainder when 291 is divided by 21.
18
What is the remainder when 413 is divided by 105?
98
What is the remainder when 154 is divided by 31?
30
What is the remainder when 738 is divided by 243?
9
Calculate the remainder when 357 is divided by 91.
84
Calculate the remainder when 67 is divided by 51.
16
What is the remainder when 440 is divided by 183?
74
Calculate the remainder when 815 is divided by 34.
33
What is the remainder when 389 is divided by 383?
6
What is the remainder when 144 is divided by 75?
69
Calculate the remainder when 46 is divided by 3.
1
What is the remainder when 1823 is divided by 63?
59
Calculate the remainder when 13163 is divided by 